{"id":1756,"date":"2024-11-27T05:31:39","date_gmt":"2024-11-27T05:31:39","guid":{"rendered":"http:\/\/192.168.0.134:10017\/?page_id=1756"},"modified":"2025-05-26T17:56:47","modified_gmt":"2025-05-26T17:56:47","slug":"yatirim-firsatlari","status":"publish","type":"page","link":"https:\/\/theflordelamar.com\/?page_id=1756","title":{"rendered":"Yat\u0131r\u0131m F\u0131rsatlar\u0131"},"content":{"rendered":"\t\t<div data-elementor-type=\"wp-page\" data-elementor-id=\"1756\" class=\"elementor elementor-1756\" data-elementor-post-type=\"page\">\n\t\t\t\t<div class=\"no-position  elementor-element elementor-element-2329d2c e-flex e-con-boxed e-con e-parent\" data-id=\"2329d2c\" data-element_type=\"container\" data-settings=\"{&quot;background_background&quot;:&quot;classic&quot;}\">\n\t\t\t\t\t<div class=\"e-con-inner\">\n\t\t\t\t<div class=\"elementor-element elementor-element-314d3ae gsap-move-no rs-tween_max_btn-no elementor-widget elementor-widget-page-title\" data-id=\"314d3ae\" data-element_type=\"widget\" data-settings=\"{&quot;align&quot;:&quot;center&quot;}\" data-widget_type=\"page-title.default\">\n\t\t\t\t<div class=\"elementor-widget-container\">\n\t\t\t\t\t\t\t\n\t\t<div class=\"hfe-page-title hfe-page-title-wrapper elementor-widget-heading\">\n\t\t\t\n\t\t\t<h1 class=\"elementor-heading-title elementor-size\">\n\t\t\t\tYat\u0131r\u0131m F\u0131rsatlar\u0131\t\t\t<\/h1 > \n\n\t\t\t\t\t\t\t\t<\/div>\n\t\t\t\t\t\t<\/div>\n\t\t\t\t<\/div>\n\t\t\t\t<div class=\"elementor-element elementor-element-1014640 gsap-move-no rs-tween_max_btn-no elementor-widget elementor-widget-rs-breadcrumb\" data-id=\"1014640\" data-element_type=\"widget\" data-widget_type=\"rs-breadcrumb.default\">\n\t\t\t\t<div class=\"elementor-widget-container\">\n\t\t\t\t\t                    <div class=\"breadcrumb-area style3\"> \n                <div class=\"breadcrumbs-inner\"> \n                    <!-- Breadcrumb NavXT 7.4.1 -->\n<span property=\"itemListElement\" typeof=\"ListItem\"><a property=\"item\" typeof=\"WebPage\" title=\"Go to The Flordelamar.\" href=\"https:\/\/theflordelamar.com\" class=\"home\" aria-current=\"page\"><span property=\"name\">The Flordelamar<\/span><\/a><meta property=\"position\" content=\"1\"><\/span>                <\/div>\n            <\/div> \n          \n    \t\t\t\t<\/div>\n\t\t\t\t<\/div>\n\t\t\t\t\t<\/div>\n\t\t\t\t<\/div>\n\t\t<div class=\"no-position  elementor-element elementor-element-7f37b0d e-flex e-con-boxed e-con e-parent\" data-id=\"7f37b0d\" data-element_type=\"container\">\n\t\t\t\t\t<div class=\"e-con-inner\">\n\t\t<div class=\"no-position  elementor-element elementor-element-345af7b e-con-full e-flex e-con e-child\" data-id=\"345af7b\" data-element_type=\"container\">\n\t\t\t\t<div class=\"elementor-element elementor-element-e2e35d2 gsap-move-no rs-tween_max_btn-no elementor-widget elementor-widget-text-editor\" data-id=\"e2e35d2\" data-element_type=\"widget\" data-widget_type=\"text-editor.default\">\n\t\t\t\t<div class=\"elementor-widget-container\">\n\t\t\t\t\t\t\t\t\t<p><strong>Fat\u0131r\u0131m F\u0131rsatlar\u0131 <br \/><\/strong><\/p><ul><li>Projenin %20\u2019ine kadar yat\u0131r\u0131m ortakl\u0131\u011f\u0131 imk\u00e2n\u0131<\/li><li>Kar payla\u015f\u0131m modeli <\/li><li>Uluslararas\u0131 sigorta ve hukuk dan\u0131\u015fmanl\u0131\u011f\u0131 deste\u011fi<\/li><li>S\u0131n\u0131rl\u0131 kontenjan (erken kat\u0131l\u0131m avantajlar\u0131)<\/li><\/ul>\t\t\t\t\t\t\t\t<\/div>\n\t\t\t\t<\/div>\n\t\t\t\t<\/div>\n\t\t\t\t\t<\/div>\n\t\t\t\t<\/div>\n\t\t<div class=\"no-position  elementor-element elementor-element-fb1780c e-flex e-con-boxed e-con e-parent\" data-id=\"fb1780c\" data-element_type=\"container\">\n\t\t\t\t\t<div class=\"e-con-inner\">\n\t\t\t\t<div class=\"elementor-element elementor-element-7261308 gsap-move-no rs-tween_max_btn-no elementor-widget elementor-widget-rs-accordions-custom\" data-id=\"7261308\" data-element_type=\"widget\" data-widget_type=\"rs-accordions-custom.default\">\n\t\t\t\t<div class=\"elementor-widget-container\">\n\t\t\t\t\t\n            <div class=\"rs-accordion-area accordion style1\" id=\"rs_accordion_inner_11445\">\n                \n                <div class=\"accordion-item \">\n                    <div class=\"accordion-header\" id=\"heading278401\">\n                        <div class=\"accordion-button collapsed\" data-bs-toggle=\"collapse\" data-bs-target=\"#collapse_278401\" aria-controls=\"collapse_278401\">\n                                                            <span class=\"elementor-accordion-icon elementor-accordion-icon-right\" aria-hidden=\"true\">\n                                                                            <span class=\"elementor-accordion-icon-closed\"><svg class=\"e-font-icon-svg e-fas-plus\" viewBox=\"0 0 448 512\" xmlns=\"http:\/\/www.w3.org\/2000\/svg\"><path d=\"M416 208H272V64c0-17.67-14.33-32-32-32h-32c-17.67 0-32 14.33-32 32v144H32c-17.67 0-32 14.33-32 32v32c0 17.67 14.33 32 32 32h144v144c0 17.67 14.33 32 32 32h32c17.67 0 32-14.33 32-32V304h144c17.67 0 32-14.33 32-32v-32c0-17.67-14.33-32-32-32z\"><\/path><\/svg><\/span>\n                                        <span class=\"elementor-accordion-icon-opened\"><svg class=\"e-font-icon-svg e-fas-minus\" viewBox=\"0 0 448 512\" xmlns=\"http:\/\/www.w3.org\/2000\/svg\"><path d=\"M416 208H32c-17.67 0-32 14.33-32 32v32c0 17.67 14.33 32 32 32h384c17.67 0 32-14.33 32-32v-32c0-17.67-14.33-32-32-32z\"><\/path><\/svg><\/span>\n                                                                    <\/span>\n                                                    \n\n                            \n                                                        <div class=\"tab-title\">Yat\u0131r\u0131mc\u0131lar\u0131n Beklenen Getirisi<\/div>\n                            \n                            \n                        <\/div>\n                    <\/div>\n\n                                        <div id=\"collapse_278401\" class=\"accordion-collapse collapse \" aria-labelledby=\"heading278401\" data-bs-parent=\"#rs_accordion_inner_11445\">\n                        <div class=\"accordion-body\">\n                                                        <div class=\"content_wrapper\">\n                                <div id=\"collapse_49730\" class=\"accordion-collapse collapse show\" aria-labelledby=\"heading49730\" data-bs-parent=\"#rs-accordion-inner\"><div class=\"accordion-body\"><p>E\u011fer 2,4 milyar Euro de\u011ferinde hazine \u00e7\u0131kar\u0131l\u0131r ve bu %100 sat\u0131labilirse:<\/p><table width=\"407\"><thead><tr><td width=\"298\"><p><strong>Unsur<\/strong><\/p><\/td><td width=\"109\"><p><strong>De\u011fer<\/strong><\/p><\/td><\/tr><\/thead><tbody><tr><td width=\"298\"><p>Br\u00fct Hazine De\u011feri<\/p><\/td><td width=\"109\"><p>2.400.000.000 \u20ac<\/p><\/td><\/tr><tr><td width=\"298\"><p>Yat\u0131r\u0131mc\u0131lara Ayr\u0131lan %<\/p><\/td><td width=\"109\"><p>%20<\/p><\/td><\/tr><tr><td width=\"298\"><p>Yat\u0131r\u0131mc\u0131lara Toplam Da\u011f\u0131t\u0131m<\/p><\/td><td width=\"109\"><p>480.000.000 \u20ac<\/p><\/td><\/tr><tr><td width=\"298\"><p>Yat\u0131r\u0131mc\u0131 Ba\u015f\u0131na Ortalama Getiri (200k lotta)<\/p><\/td><td width=\"109\"><p>2.400 \u20ac<\/p><\/td><\/tr><tr><td width=\"298\"><p>300 \u20ac Yat\u0131r\u0131ma Kar\u015f\u0131l\u0131k Ortalama K\u00e2r<\/p><\/td><td width=\"109\"><p>2.400 \u20ac<\/p><\/td><\/tr><\/tbody><\/table><p><img decoding=\"async\" class=\"emoji\" role=\"img\" draggable=\"false\" src=\"https:\/\/s.w.org\/images\/core\/emoji\/15.1.0\/svg\/1f4a1.svg\" alt=\"\ud83d\udca1\" \/> <strong>Yani yat\u0131r\u0131mc\u0131 ba\u015f\u0131na ortalama 300 <\/strong><strong>\u20ac <\/strong><strong>yat\u0131r\u0131mla 2.400 <\/strong><strong>\u20ac <\/strong><strong>k\u00e2r beklenebilir.<\/strong><\/p><\/div><\/div>                            <\/div>\n                                                    <\/div>\n                    <\/div>\n                                    <\/div>\n                            <\/div>\n            <script>\n                jQuery(document).ready(function($) {\n                    $('#rs_accordion_inner_11445 .accordion-collapse').on('show.bs.collapse', function () {\n                        $(this).closest('.accordion-item').addClass('active');\n                    });\n\n                    $('#rs_accordion_inner_11445 .accordion-collapse').on('hide.bs.collapse', function () {\n                        $(this).closest('.accordion-item').removeClass('active');\n                    });\n                });\n            <\/script>\n        \t\t\t\t<\/div>\n\t\t\t\t<\/div>\n\t\t\t\t<div class=\"elementor-element elementor-element-2e26674 gsap-move-no rs-tween_max_btn-no elementor-widget elementor-widget-rs-accordions-custom\" data-id=\"2e26674\" data-element_type=\"widget\" data-widget_type=\"rs-accordions-custom.default\">\n\t\t\t\t<div class=\"elementor-widget-container\">\n\t\t\t\t\t\n            <div class=\"rs-accordion-area accordion style3\" id=\"rs_accordion_inner_4377\">\n              <div class=\"accordion-item\">\r\n    <div class=\"accordion-header\" id=\"heading138150\">\r\n        <div class=\"accordion-button collapsed\" data-bs-toggle=\"collapse\" data-bs-target=\"#collapse_138150\" aria-controls=\"collapse_138150\">\r\n                            <span class=\"elementor-accordion-icon elementor-accordion-icon-right\" aria-hidden=\"true\">\r\n                                            <span class=\"elementor-accordion-icon-closed\"><svg class=\"e-font-icon-svg e-fas-plus-square\" viewBox=\"0 0 448 512\" xmlns=\"http:\/\/www.w3.org\/2000\/svg\"><path d=\"M400 32H48C21.5 32 0 53.5 0 80v352c0 26.5 21.5 48 48 48h352c26.5 0 48-21.5 48-48V80c0-26.5-21.5-48-48-48zm-32 252c0 6.6-5.4 12-12 12h-92v92c0 6.6-5.4 12-12 12h-56c-6.6 0-12-5.4-12-12v-92H92c-6.6 0-12-5.4-12-12v-56c0-6.6 5.4-12 12-12h92v-92c0-6.6 5.4-12 12-12h56c6.6 0 12 5.4 12 12v92h92c6.6 0 12 5.4 12 12v56z\"><\/path><\/svg><\/span>\r\n                        <span class=\"elementor-accordion-icon-opened\"><svg class=\"e-font-icon-svg e-fas-chevron-up\" viewBox=\"0 0 448 512\" xmlns=\"http:\/\/www.w3.org\/2000\/svg\"><path d=\"M240.971 130.524l194.343 194.343c9.373 9.373 9.373 24.569 0 33.941l-22.667 22.667c-9.357 9.357-24.522 9.375-33.901.04L224 227.495 69.255 381.516c-9.379 9.335-24.544 9.317-33.901-.04l-22.667-22.667c-9.373-9.373-9.373-24.569 0-33.941L207.03 130.525c9.372-9.373 24.568-9.373 33.941-.001z\"><\/path><\/svg><\/span>\r\n                                    <\/span>\r\n                                    \r\n\r\n                                                    <div class=\"title-step-wrap\">\r\n                                                <div class=\"tab-title\">Yat\u0131r\u0131m Gelir Payla\u015f\u0131m\u0131<\/div>\r\n                            <\/div>\r\n\r\n            \r\n        <\/div>\r\n    <\/div>\r\n\r\n        <div id=\"collapse_138150\" class=\"accordion-collapse collapse \" aria-labelledby=\"heading138150\" data-bs-parent=\"#rs-accordion-inner\">\r\n        <div class=\"accordion-body\">\r\n            <p>Hedef: Bat\u0131k kurtar\u0131ld\u0131\u011f\u0131nda bulunan hazinenin sat\u0131\u015f de\u011ferine g\u00f6re payla\u015f\u0131m:<\/p><table width=\"643\"><thead><tr><td width=\"165\"><p><strong>Payda\u015f<\/strong><\/p><\/td><td width=\"70\"><p><strong>Pay (%)<\/strong><\/p><\/td><td width=\"408\"><p><strong>A\u00e7\u0131klama<\/strong><\/p><\/td><\/tr><\/thead><tbody><tr><td width=\"165\"><p>Yat\u0131r\u0131mc\u0131lar<\/p><\/td><td width=\"70\"><p>%20<\/p><\/td><td width=\"408\"><p>Yat\u0131r\u0131m yap\u0131lan sermayeye kar\u015f\u0131l\u0131k gelir pay\u0131<\/p><\/td><\/tr><tr><td width=\"165\"><p>Proje Kurucusu<\/p><\/td><td width=\"70\"><p>%20<\/p><\/td><td width=\"408\"><p>Projeyi y\u00f6neten ve organize eden ki\u015fi olarak gelir pay\u0131<\/p><\/td><\/tr><tr><td width=\"165\"><p>Portekiz Devleti<\/p><\/td><td width=\"70\"><p>%30<\/p><\/td><td width=\"408\"><p>Tarihi ve k\u00fclt\u00fcrel hak iddias\u0131<\/p><\/td><\/tr><tr><td width=\"165\"><p>Malezya Devleti<\/p><\/td><td width=\"70\"><p>%30<\/p><\/td><td width=\"408\"><p>Enkaz\u0131n karasular\u0131nda bulundu\u011fu i\u00e7in hak sahibi<\/p><\/td><\/tr><\/tbody><\/table>                    <\/div>\r\n    <\/div>\r\n    <\/div>            <\/div>\n            <script>\n                jQuery(document).ready(function($) {\n                    $('#rs_accordion_inner_4377 .accordion-collapse').on('show.bs.collapse', function () {\n                        $(this).closest('.accordion-item').addClass('active');\n                    });\n\n                    $('#rs_accordion_inner_4377 .accordion-collapse').on('hide.bs.collapse', function () {\n                        $(this).closest('.accordion-item').removeClass('active');\n                    });\n                });\n            <\/script>\n        \t\t\t\t<\/div>\n\t\t\t\t<\/div>\n\t\t\t\t\t<\/div>\n\t\t\t\t<\/div>\n\t\t<div class=\"no-position  elementor-element elementor-element-55ea8de e-flex e-con-boxed e-con e-parent\" data-id=\"55ea8de\" data-element_type=\"container\" data-settings=\"{&quot;background_background&quot;:&quot;classic&quot;}\">\n\t\t\t\t\t<div class=\"e-con-inner\">\n\t\t\t\t<div class=\"elementor-element elementor-element-300561b gsap-move-no rs-tween_max_btn-no elementor-widget elementor-widget-rs-heading\" data-id=\"300561b\" data-element_type=\"widget\" data-widget_type=\"rs-heading.default\">\n\t\t\t\t<div class=\"elementor-widget-container\">\n\t\t\t\t\t\n\t\t<div class=\"prelements-heading default  center  animate-\">\n\t\t\t<div class=\"title-inner\">\n\t\t\t\t<h2 class=\"title rs-split-text-disable \">\u0130leti\u015fime ge\u00e7in<\/h2>\n\t\t\t<\/div>\n\t\t\t\t\t<\/div>\n\t\t\t\t<\/div>\n\t\t\t\t<\/div>\n\t\t\t\t<div class=\"elementor-element elementor-element-1c6106f gsap-move-no rs-tween_max_btn-no elementor-widget elementor-widget-rs-button\" data-id=\"1c6106f\" data-element_type=\"widget\" data-widget_type=\"rs-button.default\">\n\t\t\t\t<div class=\"elementor-widget-container\">\n\t\t\t\t\t\t\t<div class=\"rs-button style1 unique-43813\">\r\n\r\n\t\t\t\r\n\t\t\t\t\t\t\t<a class=\"rs-btn anim-dir-\" href=\"https:\/\/theflordelamar.com\/?page_id=927\" >\t\r\n\t\t\t\t\t<span class=\"\">\u0130leti\u015fim \r\n\t\t\t\t\t\t\t\t\t\t\t<em>\r\n\t\t\t\t\t\t\t<svg xmlns=\"http:\/\/www.w3.org\/2000\/svg\" viewBox=\"0 0 32 32\"><path d=\"M31.71,15.29l-10-10L20.29,6.71,28.59,15H0v2H28.59l-8.29,8.29,1.41,1.41,10-10A1,1,0,0,0,31.71,15.29Z\"><\/path><\/svg>\t\t\t\t\t\t\t<svg xmlns=\"http:\/\/www.w3.org\/2000\/svg\" viewBox=\"0 0 32 32\"><path d=\"M31.71,15.29l-10-10L20.29,6.71,28.59,15H0v2H28.59l-8.29,8.29,1.41,1.41,10-10A1,1,0,0,0,31.71,15.29Z\"><\/path><\/svg>\t\t\t\t\t\t<\/em>\t\r\n\t\t\t\t\t\t\t\t\t\t<\/span>\r\n\t\t\t\t<\/a>\r\n\t\t\t\t\t<\/div>\r\n\t\t\t\t\t<\/div>\n\t\t\t\t<\/div>\n\t\t\t\t\t<\/div>\n\t\t\t\t<\/div>\n\t\t\t\t<\/div>\n\t\t","protected":false},"excerpt":{"rendered":"<p>Yat\u0131r\u0131m F\u0131rsatlar\u0131 The Flordelamar Fat\u0131r\u0131m F\u0131rsatlar\u0131 Projenin %20\u2019ine kadar yat\u0131r\u0131m ortakl\u0131\u011f\u0131 imk\u00e2n\u0131 Kar payla\u015f\u0131m modeli Uluslararas\u0131 sigorta ve hukuk dan\u0131\u015fmanl\u0131\u011f\u0131 deste\u011fi S\u0131n\u0131rl\u0131 kontenjan (erken kat\u0131l\u0131m avantajlar\u0131) Yat\u0131r\u0131mc\u0131lar\u0131n Beklenen Getirisi E\u011fer 2,4 milyar Euro de\u011ferinde hazine \u00e7\u0131kar\u0131l\u0131r ve bu %100 sat\u0131labilirse: Unsur De\u011fer Br\u00fct Hazine De\u011feri 2.400.000.000 \u20ac Yat\u0131r\u0131mc\u0131lara Ayr\u0131lan % %20 Yat\u0131r\u0131mc\u0131lara Toplam Da\u011f\u0131t\u0131m 480.000.000&#8230;<\/p>\n","protected":false},"author":1,"featured_media":0,"parent":0,"menu_order":0,"comment_status":"closed","ping_status":"closed","template":"elementor_header_footer","meta":{"iawp_total_views":13,"footnotes":""},"class_list":["post-1756","page","type-page","status-publish","hentry"],"_links":{"self":[{"href":"https:\/\/theflordelamar.com\/index.php?rest_route=\/wp\/v2\/pages\/1756","targetHints":{"allow":["GET"]}}],"collection":[{"href":"https:\/\/theflordelamar.com\/index.php?rest_route=\/wp\/v2\/pages"}],"about":[{"href":"https:\/\/theflordelamar.com\/index.php?rest_route=\/wp\/v2\/types\/page"}],"author":[{"embeddable":true,"href":"https:\/\/theflordelamar.com\/index.php?rest_route=\/wp\/v2\/users\/1"}],"replies":[{"embeddable":true,"href":"https:\/\/theflordelamar.com\/index.php?rest_route=%2Fwp%2Fv2%2Fcomments&post=1756"}],"version-history":[{"count":5,"href":"https:\/\/theflordelamar.com\/index.php?rest_route=\/wp\/v2\/pages\/1756\/revisions"}],"predecessor-version":[{"id":10953,"href":"https:\/\/theflordelamar.com\/index.php?rest_route=\/wp\/v2\/pages\/1756\/revisions\/10953"}],"wp:attachment":[{"href":"https:\/\/theflordelamar.com\/index.php?rest_route=%2Fwp%2Fv2%2Fmedia&parent=1756"}],"curies":[{"name":"wp","href":"https:\/\/api.w.org\/{rel}","templated":true}]}}