{"id":3,"date":"2025-05-08T11:36:16","date_gmt":"2025-05-08T11:36:16","guid":{"rendered":"https:\/\/theflordelamar.com\/?page_id=3"},"modified":"2025-05-26T16:29:49","modified_gmt":"2025-05-26T16:29:49","slug":"privacy-policy-2","status":"publish","type":"page","link":"https:\/\/theflordelamar.com\/?page_id=3","title":{"rendered":"Privacy Policy"},"content":{"rendered":"\n<h2 class=\"wp-block-heading\"><strong>Gizlilik Politikas\u0131<\/strong><\/h2>\n\n\n\n<h3 class=\"wp-block-heading\"><strong>Web Sitemiz<\/strong><\/h3>\n\n\n\n<p>Web sitemizin adresi: <a class=\"\" href=\"https:\/\/theflordelamar.com\">https:\/\/theflordelamar.com<\/a><\/p>\n\n\n\n<hr class=\"wp-block-separator has-alpha-channel-opacity\"\/>\n\n\n\n<h3 class=\"wp-block-heading\"><strong>Yorumlar<\/strong><\/h3>\n\n\n\n<p>Ziyaret\u00e7iler sitemizde yorum b\u0131rakt\u0131\u011f\u0131nda, yorum formunda g\u00f6sterilen verilerin yan\u0131 s\u0131ra, spam tespiti amac\u0131yla ziyaret\u00e7inin IP adresi ve taray\u0131c\u0131 kullan\u0131c\u0131 arac\u0131s\u0131 bilgileri de toplan\u0131r.<\/p>\n\n\n\n<p>E-posta adresinizden olu\u015fturulan anonimle\u015ftirilmi\u015f bir dize (hash), Gravatar hizmetine, ilgili hizmeti kullan\u0131p kullanmad\u0131\u011f\u0131n\u0131z\u0131 kontrol etmek amac\u0131yla iletilebilir. Gravatar hizmetinin gizlilik politikas\u0131 \u015fu adreste mevcuttur: <a>https:\/\/automattic.com\/privacy<\/a>. Yorumunuz onayland\u0131ktan sonra, profil foto\u011fraf\u0131n\u0131z yorumunuz ba\u011flam\u0131nda herkese g\u00f6r\u00fcn\u00fcr hale gelir.<\/p>\n\n\n\n<hr class=\"wp-block-separator has-alpha-channel-opacity\"\/>\n\n\n\n<h3 class=\"wp-block-heading\"><strong>Medya<\/strong><\/h3>\n\n\n\n<p>Web sitemize g\u00f6rsel y\u00fcklerseniz, <strong>konum verisi (EXIF GPS)<\/strong> i\u00e7eren g\u00f6rseller y\u00fcklemekten ka\u00e7\u0131nmal\u0131s\u0131n\u0131z. Ziyaret\u00e7iler, web sitesindeki g\u00f6rsellerden bu konum verilerini indirebilir ve \u00e7\u0131karabilir.<\/p>\n\n\n\n<hr class=\"wp-block-separator has-alpha-channel-opacity\"\/>\n\n\n\n<h3 class=\"wp-block-heading\"><strong>\u00c7erezler (Cookies)<\/strong><\/h3>\n\n\n\n<p>E\u011fer sitemize bir yorum b\u0131rak\u0131rsan\u0131z, ad\u0131n\u0131z, e-posta adresiniz ve web sitesi bilgilerinizin \u00e7erezlerde kaydedilmesine onay verebilirsiniz. Bu, bir sonraki yorumunuzda bilgilerinizi tekrar girmenize gerek kalmamas\u0131 i\u00e7in bir kolayl\u0131k sa\u011flar. Bu \u00e7erezler <strong>bir y\u0131l s\u00fcreyle<\/strong> saklan\u0131r.<\/p>\n\n\n\n<p>Giri\u015f sayfam\u0131z\u0131 ziyaret etti\u011finizde, taray\u0131c\u0131n\u0131z\u0131n \u00e7erezleri kabul edip etmedi\u011fini belirlemek i\u00e7in ge\u00e7ici bir \u00e7erez ayarlan\u0131r. Bu \u00e7erez ki\u015fisel veri i\u00e7ermez ve taray\u0131c\u0131n\u0131z\u0131 kapatt\u0131\u011f\u0131n\u0131zda silinir.<\/p>\n\n\n\n<p>Hesab\u0131n\u0131zla giri\u015f yapt\u0131\u011f\u0131n\u0131zda, oturum bilgilerinizi ve ekran g\u00f6r\u00fcnt\u00fc tercihlerinizi kaydetmek i\u00e7in birka\u00e7 \u00e7erez daha ayarlan\u0131r. Giri\u015f \u00e7erezleri <strong>iki g\u00fcn<\/strong>, ekran tercihi \u00e7erezleri ise <strong>bir y\u0131l<\/strong> s\u00fcreyle kal\u0131r. \u201cBeni Hat\u0131rla\u201d se\u00e7ene\u011fini i\u015faretlerseniz, giri\u015finiz <strong>iki hafta boyunca<\/strong> aktif kal\u0131r. Hesab\u0131n\u0131zdan \u00e7\u0131k\u0131\u015f yapt\u0131\u011f\u0131n\u0131zda, bu giri\u015f \u00e7erezleri silinir.<\/p>\n\n\n\n<p>Bir yaz\u0131y\u0131 d\u00fczenler veya yay\u0131mlarsan\u0131z, taray\u0131c\u0131n\u0131za ek bir \u00e7erez kaydedilir. Bu \u00e7erez herhangi bir ki\u015fisel veri i\u00e7ermez, yaln\u0131zca d\u00fczenledi\u011finiz yaz\u0131n\u0131n yaz\u0131 kimli\u011fini (post ID) g\u00f6sterir ve <strong>bir g\u00fcn sonra<\/strong> sona erer.<\/p>\n\n\n\n<hr class=\"wp-block-separator has-alpha-channel-opacity\"\/>\n\n\n\n<h3 class=\"wp-block-heading\"><strong>Di\u011fer Web Sitelerinden G\u00f6m\u00fcl\u00fc \u0130\u00e7erikler<\/strong><\/h3>\n\n\n\n<p>Bu sitedeki yaz\u0131lar, g\u00f6m\u00fcl\u00fc i\u00e7erik (\u00f6rne\u011fin videolar, g\u00f6rseller, makaleler vb.) i\u00e7erebilir. Di\u011fer web sitelerinden g\u00f6m\u00fcl\u00fc i\u00e7erikler, sanki kullan\u0131c\u0131 o siteyi ziyaret etmi\u015f gibi davran\u0131r.<\/p>\n\n\n\n<p>Bu siteler, hakk\u0131n\u0131zda veri toplayabilir, \u00e7erez kullanabilir, \u00fc\u00e7\u00fcnc\u00fc taraf izleme sistemlerini entegre edebilir ve g\u00f6m\u00fcl\u00fc i\u00e7erikle etkile\u015fiminizi izleyebilir. Bu, \u00f6zellikle o siteye giri\u015f yapt\u0131ysan\u0131z ge\u00e7erlidir.<\/p>\n\n\n\n<hr class=\"wp-block-separator has-alpha-channel-opacity\"\/>\n\n\n\n<h3 class=\"wp-block-heading\"><strong>Verilerinizi Kimlerle Payla\u015f\u0131yoruz<\/strong><\/h3>\n\n\n\n<p>\u015eifre s\u0131f\u0131rlama talebinde bulunman\u0131z h\u00e2linde, IP adresiniz s\u0131f\u0131rlama e-postas\u0131na eklenebilir.<\/p>\n\n\n\n<hr class=\"wp-block-separator has-alpha-channel-opacity\"\/>\n\n\n\n<h3 class=\"wp-block-heading\"><strong>Verilerinizi Ne Kadar S\u00fcre Sakl\u0131yoruz<\/strong><\/h3>\n\n\n\n<p>Bir yorum b\u0131rak\u0131rsan\u0131z, yorum ve meta verileri s\u00fcresiz olarak saklan\u0131r. B\u00f6ylece takip eden yorumlar\u0131n\u0131z otomatik olarak tan\u0131nabilir ve moderasyon s\u0131ras\u0131na al\u0131nmadan onaylanabilir.<\/p>\n\n\n\n<p>Web sitemize kay\u0131t olan kullan\u0131c\u0131lar\u0131n (varsa) sa\u011flad\u0131\u011f\u0131 ki\u015fisel bilgiler, kullan\u0131c\u0131 profillerinde saklan\u0131r. T\u00fcm kullan\u0131c\u0131lar, ki\u015fisel bilgilerini istedikleri zaman g\u00f6rebilir, d\u00fczenleyebilir veya silebilir (kullan\u0131c\u0131 adlar\u0131n\u0131 de\u011fi\u015ftirmek hari\u00e7). Site y\u00f6neticileri de bu bilgileri g\u00f6rebilir ve d\u00fczenleyebilir.<\/p>\n\n\n\n<hr class=\"wp-block-separator has-alpha-channel-opacity\"\/>\n\n\n\n<h3 class=\"wp-block-heading\"><strong>Verileriniz \u00dczerindeki Haklar\u0131n\u0131z<\/strong><\/h3>\n\n\n\n<p>Bu sitede bir hesab\u0131n\u0131z varsa ya da yorum b\u0131rakt\u0131ysan\u0131z, hakk\u0131n\u0131zda tuttu\u011fumuz ki\u015fisel verilerin d\u0131\u015fa aktar\u0131lm\u0131\u015f bir dosyas\u0131n\u0131 talep edebilirsiniz. Ayr\u0131ca, hakk\u0131n\u0131zda tuttu\u011fumuz t\u00fcm ki\u015fisel verilerin silinmesini talep edebilirsiniz. Bu hak, yaln\u0131zca idari, yasal ya da g\u00fcvenlik ama\u00e7lar\u0131yla saklamam\u0131z gereken veriler i\u00e7in ge\u00e7erli de\u011fildir.<\/p>\n\n\n\n<hr class=\"wp-block-separator has-alpha-channel-opacity\"\/>\n\n\n\n<h3 class=\"wp-block-heading\"><strong>Verileriniz Nereye G\u00f6nderilir<\/strong><\/h3>\n\n\n\n<p>Ziyaret\u00e7ilerin yorumlar\u0131, otomatik bir spam tespit hizmeti arac\u0131l\u0131\u011f\u0131yla kontrol edilebilir.<\/p>\n\n\n\n<h2 class=\"wp-block-heading\">Who we are<\/h2>\n\n\n\n<p><strong class=\"privacy-policy-tutorial\">Suggested text: <\/strong>Our website address is: https:\/\/theflordelamar.com.<\/p>\n\n\n\n<h2 class=\"wp-block-heading\">Comments<\/h2>\n\n\n\n<p><strong class=\"privacy-policy-tutorial\">Suggested text: <\/strong>When visitors leave comments on the site we collect the data shown in the comments form, and also the visitor\u2019s IP address and browser user agent string to help spam detection.<\/p>\n\n\n\n<p>An anonymized string created from your email address (also called a hash) may be provided to the Gravatar service to see if you are using it. The Gravatar service privacy policy is available here: https:\/\/automattic.com\/privacy\/. After approval of your comment, your profile picture is visible to the public in the context of your comment.<\/p>\n\n\n\n<h2 class=\"wp-block-heading\">Media<\/h2>\n\n\n\n<p><strong class=\"privacy-policy-tutorial\">Suggested text: <\/strong>If you upload images to the website, you should avoid uploading images with embedded location data (EXIF GPS) included. Visitors to the website can download and extract any location data from images on the website.<\/p>\n\n\n\n<h2 class=\"wp-block-heading\">Cookies<\/h2>\n\n\n\n<p><strong class=\"privacy-policy-tutorial\">Suggested text: <\/strong>If you leave a comment on our site you may opt-in to saving your name, email address and website in cookies. These are for your convenience so that you do not have to fill in your details again when you leave another comment. These cookies will last for one year.<\/p>\n\n\n\n<p>If you visit our login page, we will set a temporary cookie to determine if your browser accepts cookies. This cookie contains no personal data and is discarded when you close your browser.<\/p>\n\n\n\n<p>When you log in, we will also set up several cookies to save your login information and your screen display choices. Login cookies last for two days, and screen options cookies last for a year. If you select &#8220;Remember Me&#8221;, your login will persist for two weeks. If you log out of your account, the login cookies will be removed.<\/p>\n\n\n\n<p>If you edit or publish an article, an additional cookie will be saved in your browser. This cookie includes no personal data and simply indicates the post ID of the article you just edited. It expires after 1 day.<\/p>\n\n\n\n<h2 class=\"wp-block-heading\">Embedded content from other websites<\/h2>\n\n\n\n<p><strong class=\"privacy-policy-tutorial\">Suggested text: <\/strong>Articles on this site may include embedded content (e.g. videos, images, articles, etc.). Embedded content from other websites behaves in the exact same way as if the visitor has visited the other website.<\/p>\n\n\n\n<p>These websites may collect data about you, use cookies, embed additional third-party tracking, and monitor your interaction with that embedded content, including tracking your interaction with the embedded content if you have an account and are logged in to that website.<\/p>\n\n\n\n<h2 class=\"wp-block-heading\">Who we share your data with<\/h2>\n\n\n\n<p><strong class=\"privacy-policy-tutorial\">Suggested text: <\/strong>If you request a password reset, your IP address will be included in the reset email.<\/p>\n\n\n\n<h2 class=\"wp-block-heading\">How long we retain your data<\/h2>\n\n\n\n<p><strong class=\"privacy-policy-tutorial\">Suggested text: <\/strong>If you leave a comment, the comment and its metadata are retained indefinitely. This is so we can recognize and approve any follow-up comments automatically instead of holding them in a moderation queue.<\/p>\n\n\n\n<p>For users that register on our website (if any), we also store the personal information they provide in their user profile. All users can see, edit, or delete their personal information at any time (except they cannot change their username). Website administrators can also see and edit that information.<\/p>\n\n\n\n<h2 class=\"wp-block-heading\">What rights you have over your data<\/h2>\n\n\n\n<p><strong class=\"privacy-policy-tutorial\">Suggested text: <\/strong>If you have an account on this site, or have left comments, you can request to receive an exported file of the personal data we hold about you, including any data you have provided to us. You can also request that we erase any personal data we hold about you. This does not include any data we are obliged to keep for administrative, legal, or security purposes.<\/p>\n\n\n\n<h2 class=\"wp-block-heading\">Where your data is sent<\/h2>\n\n\n\n<p><strong class=\"privacy-policy-tutorial\">Suggested text: <\/strong>Visitor comments may be checked through an automated spam detection service.<\/p>\n","protected":false},"excerpt":{"rendered":"<p>Gizlilik Politikas\u0131 Web Sitemiz Web sitemizin adresi: https:\/\/theflordelamar.com Yorumlar Ziyaret\u00e7iler sitemizde yorum b\u0131rakt\u0131\u011f\u0131nda, yorum formunda g\u00f6sterilen verilerin yan\u0131 s\u0131ra, spam tespiti amac\u0131yla ziyaret\u00e7inin IP adresi ve taray\u0131c\u0131 kullan\u0131c\u0131 arac\u0131s\u0131 bilgileri de toplan\u0131r. E-posta adresinizden olu\u015fturulan anonimle\u015ftirilmi\u015f bir dize (hash), Gravatar hizmetine, ilgili hizmeti kullan\u0131p kullanmad\u0131\u011f\u0131n\u0131z\u0131 kontrol etmek amac\u0131yla iletilebilir. Gravatar hizmetinin gizlilik politikas\u0131 \u015fu adreste&#8230;<\/p>\n","protected":false},"author":1,"featured_media":0,"parent":0,"menu_order":0,"comment_status":"closed","ping_status":"closed","template":"","meta":{"iawp_total_views":1,"footnotes":""},"class_list":["post-3","page","type-page","status-publish","hentry"],"_links":{"self":[{"href":"https:\/\/theflordelamar.com\/index.php?rest_route=\/wp\/v2\/pages\/3","targetHints":{"allow":["GET"]}}],"collection":[{"href":"https:\/\/theflordelamar.com\/index.php?rest_route=\/wp\/v2\/pages"}],"about":[{"href":"https:\/\/theflordelamar.com\/index.php?rest_route=\/wp\/v2\/types\/page"}],"author":[{"embeddable":true,"href":"https:\/\/theflordelamar.com\/index.php?rest_route=\/wp\/v2\/users\/1"}],"replies":[{"embeddable":true,"href":"https:\/\/theflordelamar.com\/index.php?rest_route=%2Fwp%2Fv2%2Fcomments&post=3"}],"version-history":[{"count":1,"href":"https:\/\/theflordelamar.com\/index.php?rest_route=\/wp\/v2\/pages\/3\/revisions"}],"predecessor-version":[{"id":9988,"href":"https:\/\/theflordelamar.com\/index.php?rest_route=\/wp\/v2\/pages\/3\/revisions\/9988"}],"wp:attachment":[{"href":"https:\/\/theflordelamar.com\/index.php?rest_route=%2Fwp%2Fv2%2Fmedia&parent=3"}],"curies":[{"name":"wp","href":"https:\/\/api.w.org\/{rel}","templated":true}]}}